True
Is 276 a factor of 3109968?
True
Does 22 divide 7869044?
False
Is 37 a factor of 258942?
False
Does 5 divide 202015?
True
Is 23058 a multiple of 9?
True
Is 11 a factor of 6316406?
False
Is 8138998 a multiple of 371?
True
Is 688296 a multiple of 8?
True
Does 16 divide 5594184?
False
Is 495 a factor of 804352?
False
Does 50 divide 603200?
True
Is 150 a factor of 6669445?
False
Does 433 divide 327781?
True
Is 239790 a multiple of 184?
False
Is 445 a factor of 832149?
False
Is 62 a factor of 1749888?
True
Is 2781625 a multiple of 187?
True
Does 8 divide 103564?
False
Is 964257 a multiple of 7?
True
Is 37 a factor of 9782171?
True
Does 461 divide 321764?
False
Is 4939817 a multiple of 17?
False
Is 28781 a multiple of 17?
True
Is 1493146 a multiple of 210?
False
Does 17 divide 13650031?
True
Does 88 divide 545190?
False
Is 26 a factor of 223418?
True
Is 348 a factor of 323292?
True
Is 241080 a multiple of 120?
True
Is 11 a factor of 12572419?
False
Is 3515347 a multiple of 55?
False
Does 16 divide 90864?
True
Is 10 a factor of 58840?
True
Is 938964 a multiple of 156?
True
Is 156683 a multiple of 59?
False
Is 347350 a multiple of 25?
True
Is 41 a factor of 25666?
True
Is 291042 a multiple of 138?
True
Is 1058248 a multiple of 310?
False
Is 9428708 a multiple of 72?
False
Does 68 divide 430931?
False
Does 2 divide 2975514?
True
Is 17 a factor of 13437?
False
Does 12 divide 131753?
False
Does 30 divide 248220?
True
Is 70 a factor of 8290170?
True
Is 5417232 a multiple of 132?
False
Is 3076519 a multiple of 6?
False
Does 27 divide 264222?
True
Is 2769811 a multiple of 16?
False
Is 5 a factor of 513719?
False
Does 124 divide 4888304?
False
Does 22 divide 45694?
True
Does 44 divide 5492199?
False
Does 148 divide 133348?
True
Is 15 a factor of 1832815?
False
Does 4 divide 72492?
True
Is 1050 a factor of 2999850?
True
Is 11 a factor of 66200?
False
Is 283 a factor of 1321285?
False
Is 7 a factor of 2656081?
False
Is 450669 a multiple of 72?
False
Is 1467630 a multiple of 101?
False
Is 157583 a multiple of 70?
False
Is 1724856 a multiple of 84?
True
Does 70 divide 595210?
True
Is 875129 a multiple of 41?
False
Is 286 a factor of 91520?
True
Does 14 divide 677681?
False
Is 56 a factor of 429576?
True
Is 6 a factor of 2148655?
False
Does 302 divide 16721136?
True
Is 127253 a multiple of 53?
True
Is 72 a factor of 279531?
False
Does 3 divide 201911?
False
Is 1223269 a multiple of 47?
True
Is 12274308 a multiple of 29?
True
Is 295 a factor of 418967?
False
Is 13 a factor of 56974?
False
Is 7 a factor of 2611?
True
Is 6503 a multiple of 6?
False
Is 35 a factor of 9591050?
True
Is 13 a factor of 556426?
True
Does 40 divide 2082693?
False
Does 16 divide 1400128?
True
Is 57 a factor of 220653?
False
Does 12 divide 242997?
False
Does 48 divide 5153952?
True
Is 316629 a multiple of 243?
True
Is 1064322 a multiple of 126?
True
Is 13 a factor of 2768610?
True
Does 256 divide 161792?
True
Does 3 divide 744088?
False
Is 498 a factor of 9591650?
False
Is 71 a factor of 493128?
False
Is 92 a factor of 157904?
False
Is 208 a factor of 574704?
True
Does 10 divide 70924?
False
Does 181 divide 333764?
True
Is 98036 a multiple of 107?
False
Is 132 a factor of 435827?
False
Does 16 divide 622032?
True
Is 8 a factor of 1084860?
False
Is 105717 a multiple of 269?
True
Is 11268 a multiple of 2?
True
Is 115 a factor of 761530?
True
Is 26 a factor of 7462?
True
Is 1202134 a multiple of 5?
False
Does 587 divide 1822647?
False
Is 40 a factor of 2370040?
True
Is 919488 a multiple of 129?
False
Is 124215 a multiple of 37?
False
Does 52 divide 774696?
True
Is 5 a factor of 340303?
False
Does 344 divide 891648?
True
Does 147 divide 654885?
True
Is 13000 a multiple of 788?
False
Is 217 a factor of 1248687?
False
Does 167 divide 134936?
True
Does 2 divide 2178804?
True
Is 107822 a multiple of 58?
True
Is 233040 a multiple of 48?
True
Is 13924800 a multiple of 64?
True
Is 33 a factor of 180979?
False
Does 500 divide 2071000?
True
Is 15 a factor of 52935?
True
Is 504281 a multiple of 209?
False
Is 22 a factor of 1051589?
False
Is 61050 a multiple of 22?
True
Is 180249 a multiple of 261?
False
Does 91 divide 406315?
True
Does 57 divide 545507?
False
Is 296366 a multiple of 897?
False
Does 27 divide 9082?
False
Does 946 divide 4430118?
True
Does 18 divide 698802?
False
Is 21 a factor of 352275?
True
Does 56 divide 1134056?
True
Is 175 a factor of 207375?
True
Is 35 a factor of 5366402?
False
Does 343 divide 8351707?
True
Is 1332 a multiple of 37?
True
Does 740 divide 7610762?
False
Is 4 a factor of 36221?
False
Is 5964967 a multiple of 7?
False
Is 298 a factor of 788127?
False
Is 60 a factor of 140140?
False
Is 77 a factor of 334?
False
Does 13 divide 205350?
False
Does 4 divide 637312?
True
Does 156 divide 13333476?
True
Is 43 a factor of 5549070?
False
Is 17628 a multiple of 2?
True
Is 137309 a multiple of 24?
False
Is 380091 a multiple of 8?
False
Does 1005 divide 3382830?
True
Is 6 a factor of 22188?
True
Is 676711 a multiple of 283?
False
Does 53 divide 49721?
False
Is 94592 a multiple of 217?
False
Does 167 divide 34569?
True
Is 10471094 a multiple of 538?
True
Is 2208670 a multiple of 410?
True
Does 8 divide 50235?
False
Is 54808 a multiple of 806?
True
Does 24 divide 35688?
True
Does 443 divide 2709831?
True
Is 1547670 a multiple of 9?
False
Is 8 a factor of 25948?
False
Is 21 a factor of 47450?
False
Is 714638 a multiple of 232?
False
Is 134 a factor of 5808161?
False
Does 16 divide 2142416?
True
Is 105 a factor of 6579405?
True
Does 24 divide 10024392?
True
Is 1572721 a multiple of 1069?
False
Is 23 a factor of 3545573?
False
Is 135 a factor of 7745450?
False
Is 336890 a multiple of 384?
False
Is 613 a factor of 2282812?
True
Is 421844 a multiple of 2?
True
Is 175450 a multiple of 5?
True
Is 1412 a multiple of 2?
True
Does 75 divide 2665950?
True
Does 319 divide 58824?
False
Is 22 a factor of 17158448?
False
Is 76 a factor of 465324?
False
Is 14966236 a multiple of 806?
False
Is 14 a factor of 7743175?
False
Is 230 a factor of 113385?
False
Is 36 a factor of 355644?
True
Is 143 a factor of 549120?
True
Is 17915 a multiple of 5?
True
Is 14 a factor of 14775826?
False
Is 85 a factor of 7271835?
True
Does 337 divide 4515064?
False
Is 53854 even?
True
Is 18 a factor of 1221228?
True
Does 182 divide 7451080?
True
Is 19 a factor of 407276?
False
Does 26 divide 1019122?
True
Does 27 divide 2805251?
False
Is 125 a factor of 193759?
False
Is 12 a factor of 33576?
True
Is 2896790 a multiple of 65?
True
Does 359 divide 495420?
True
Is 23 a factor of 974763?
True
Is 60996 a multiple of 17?
True
Does 8 divide 8654101?
False
Is 68 a factor of 9865402?
False
Does 116 divide 94656?
True
Does 529 divide 481106?
False
Does 77 divide 2134979?
True
Is 731200 a multiple of 40?
True
Is 51243 a multiple of 19?
True
Does 10 divide 10071814?
False
Does 98 divide 382298?
True
Is 389 a factor of 1002842?
True
Is 107647 a multiple of 8?
False
Is 2198563 a multiple of 11?
False
Is 72 a factor of 250027?
False
Is 17 a factor of 452132?
True
Is 14 a factor of 1545682?
False
Is 187031 a multiple of 13?
True
Is 64 a factor of 1123439?
False
Is 147553 a multiple of 338?
False
Is 277046 a multiple of 98?
True
Is 550737 a multiple of 14?
False
Is 1519909 a multiple of 23?
True
Is 1621440 a multiple of 480?
True
Is 47 a factor of 3225375?
True
Is 172856 a multiple of 164?
True
Is 61 a factor of 472018?
True
Does 13 divide 8197?
False
Does 20 divide 371480?
True
Is 60 a factor of 803299?
False
Does 95 divide 5130?
True
Is 283903 a multiple of 26?
False
Is 15787044 a multiple of 854?
True
Is 121 a factor of 5453954?
True
Is 1503648 a multiple of 36?
True
Is 24 a factor of 2009112?
True
Is 127498 a multiple of 10?
False
Is 42 a factor of 5444418?
True
Is 286 a factor of 1971970?
True
Is 8 a factor of 50127?
False
Is 22 a factor of 4689542?
True
Does 686 divide 6765332?
True
Does 511 divide 262068?
False
Is 1888595 a multiple of 516?
False
Does 186 divide 335415?
False
Does 1488 divide 6181255?
False
Is 2 a factor of 170185?
False
Is 140 a factor of 657160?
True
Does 71 divide 519294?
True
Does 10 divide 315590?
True
Is 302869 a multiple of 49?
True
Is 47528 a multiple of 173?
False
Is 398040 a multiple of 12?
True
I